581
What are the prime factors of 311061977?
19, 16371683
List the prime factors of 280275828.
2, 3, 7, 3336617
What are the prime factors of 23750170?
2, 5, 673, 3529
What are the prime factors of 32869453?
2459, 13367
List the prime factors of 142005705.
3, 5, 9467047
What are the prime factors of 1639933221?
3, 71, 859, 8963
What are the prime factors of 11735994?
2, 3, 47, 41617
What are the prime factors of 24612248?
2, 227, 13553
What are the prime factors of 351835214?
2, 109, 967, 1669
What are the prime factors of 62006777?
7, 769, 11519
What are the prime factors of 1907855206?
2, 1303, 732101
What are the prime factors of 1931639504?
2, 269, 448801
List the prime factors of 36757273.
7, 5251039
What are the prime factors of 43011799?
1669, 25771
What are the prime factors of 12974786?
2, 11, 589763
List the prime factors of 2679216628.
2, 11, 60891287
What are the prime factors of 413282841?
3, 137760947
List the prime factors of 858279138.
2, 3, 53, 409, 6599
What are the prime factors of 495600194?
2, 7523, 32939
List the prime factors of 30663988.
2, 17, 43, 10487
List the prime factors of 210548648.
2, 37, 53, 13421
What are the prime factors of 2063474716?
2, 23, 2281, 9833
What are the prime factors of 6932762991?
3, 7, 11, 204163
What are the prime factors of 336226213?
23, 14618531
List the prime factors of 6774904209.
3, 17, 132841259
What are the prime factors of 7123759825?
5, 7, 13, 79, 3049
What are the prime factors of 54679089?
3, 17, 63067
What are the prime factors of 71869782?
2, 3, 101, 233, 509
What are the prime factors of 7627326363?
3, 443, 212561
What are the prime factors of 239862404?
2, 59965601
What are the prime factors of 50613710?
2, 5, 7, 723053
What are the prime factors of 649915411?
61, 197, 54083
What are the prime factors of 83578376?
2, 7, 173, 8627
What are the prime factors of 180230552?
2, 37, 608887
List the prime factors of 35542240.
2, 5, 17, 73, 179
What are the prime factors of 81508452?
2, 3, 6792371
List the prime factors of 2550174268.
2, 379, 1291, 1303
What are the prime factors of 2367401007?
3, 19, 37, 439, 2557
List the prime factors of 60789648.
2, 3, 1266451
List the prime factors of 40171649.
7, 197, 29131
List the prime factors of 97932461.
11, 17, 97, 5399
List the prime factors of 4510792076.
2, 7, 317, 593, 857
What are the prime factors of 171639570?
2, 3, 5, 23, 248753
List the prime factors of 243923726.
2, 121961863
List the prime factors of 169548980.
2, 5, 8477449
List the prime factors of 2835465494.
2, 19, 43, 1735291
What are the prime factors of 5716384715?
5, 83, 1667, 8263
List the prime factors of 404126795.
5, 80825359
List the prime factors of 246278858.
2, 7, 17591347
What are the prime factors of 50594731?
11, 1489, 3089
List the prime factors of 237270681.
3, 107, 82129
List the prime factors of 460616058.
2, 3, 7, 41, 9907
What are the prime factors of 340047599?
103, 401, 8233
List the prime factors of 156173029.
103, 1516243
What are the prime factors of 23585848?
2, 11, 13, 53, 389
List the prime factors of 1474772734.
2, 31, 23786657
What are the prime factors of 44011786?
2, 7, 13, 241823
List the prime factors of 32544596.
2, 7, 17, 68371
List the prime factors of 3047974435.
5, 11, 55417717
What are the prime factors of 21366391?
21366391
List the prime factors of 763475439.
3, 254491813
What are the prime factors of 32342869?
13, 73, 173, 197
What are the prime factors of 935549739?
3, 103949971
What are the prime factors of 1409331460?
2, 5, 19, 257, 14431
What are the prime factors of 1408268414?
2, 7, 5077, 19813
List the prime factors of 42189614.
2, 17, 19, 65309
List the prime factors of 220699172.
2, 401, 137593
List the prime factors of 102507710.
2, 5, 10250771
What are the prime factors of 1478520330?
2, 3, 5, 7, 53, 71, 1871
List the prime factors of 1379955944.
2, 172494493
What are the prime factors of 867133664?
2, 27097927
What are the prime factors of 17646732?
2, 3, 29, 16903
What are the prime factors of 72027750?
2, 3, 5, 137, 701
List the prime factors of 97948809.
3, 7, 31, 50153
List the prime factors of 118496652.
2, 3, 269, 36709
What are the prime factors of 4599330301?
53, 86779817
List the prime factors of 2361475918.
2, 23, 51336433
List the prime factors of 2204678380.
2, 5, 347, 491, 647
What are the prime factors of 5532962572?
2, 2087, 662789
What are the prime factors of 317918534?
2, 158959267
List the prime factors of 41371912.
2, 167, 173, 179
List the prime factors of 577310847.
3, 281, 684829
What are the prime factors of 152333823?
3, 50777941
List the prime factors of 48615329.
7, 6945047
What are the prime factors of 95648740?
2, 5, 11, 409, 1063
List the prime factors of 136483394.
2, 47, 1009, 1439
List the prime factors of 1350018447.
3, 691, 651239
List the prime factors of 25570911.
3, 8523637
What are the prime factors of 10106869?
41, 246509
What are the prime factors of 19951791?
3, 6650597
List the prime factors of 19752946.
2, 17, 580969
List the prime factors of 1712075195.
5, 4297, 79687
List the prime factors of 3005555313.
3, 353, 1619, 1753
What are the prime factors of 39547409?
11, 457, 7867
What are the prime factors of 3128598096?
2, 3, 13, 5013779
What are the prime factors of 31652340?
2, 3, 5, 29, 18191
What are the prime factors of 5328440863?
59, 281, 321397
What are the prime factors of 1068753245?
5, 7, 61, 500587
What are the prime factors of 4980946016?
2, 139, 1119817
List the prime factors of 437836146.
2, 3, 11, 863, 7687
What are the prime factors of 1583378992?
2, 13, 7612399
What are the prime factors of 4350633962?
2, 43, 50588767
List the prime factors of 1734708838.
2, 43, 151, 133583
What are the prime factors of 993667751?
73, 13611887
List the prime factors of 4251475289.
30859, 137771
List the prime factors of 181357607.
1907, 95101
What are the prime factors of 2793494772?
2, 3, 1583, 49019
What are the prime factors of 255193280?
2, 5, 23, 34673
List the prime factors of 696687535.
5, 19, 373, 19661
What are the prime factors of 766213323?
3, 19, 13442339
List the prime factors of 23473534.
2, 7, 277, 6053
What are the prime factors of 45560994?
2, 3, 43, 137, 1289
List the prime factors of 44010052.
2, 29, 379397
List the prime factors of 223046492.
2, 55761623
What are the prime factors of 634671135?
3, 5, 7, 569, 3541
What are the prime factors of 704212303?
704212303
List the prime factors of 69991119.
3, 11, 64271
What are the prime factors of 113706325?
5, 41, 110933
What are the prime factors of 450087649?
11, 103, 397253
What are the prime factors of 1695556639?
7, 223, 1086199
What are the prime factors of 458520517?
7, 13, 229, 22003
List the prime factors of 35701153.
47, 759599
List the prime factors of 89730729.
3, 11, 906371
List the prime factors of 1808383657.
1097, 1648481
List the prime factors of 5222616275.
5, 313, 667427
What are the prime factors of 648821129?
11, 673, 87643
List the prime factors of 695949461.
19, 631, 58049
List the prime factors of 4762223846.
2, 137, 1721, 10099
What are the prime factors of 81177906?
2, 3, 13529651
What are the prime factors of 2844457219?
23, 139, 889727
List the prime factors of 45256141.
7, 6465163
List the prime factors of 34193698.
2, 7, 11, 17, 37, 353
What are the prime factors of 599922794?
2, 53, 353, 16033
List the prime factors of 99822098.
2, 73, 683713
What are the prime factors of 807798864?
2, 3, 53, 311, 1021
List the prime factors of 1323921357.
3, 11, 73, 183191
What are the prime factors of 245814263?
245814263
What are the prime factors of 3237981413?
3237981413
List the prime factors of 61989352.
2, 7748669
List the prime factors of 203815782.
2, 3, 47, 103, 2339
What are the prime factors of 433082082?
2, 3, 739, 97673
List the prime factors of 413352499.
7, 73, 101, 8009
What are the prime factors of 2483918233?
103, 313, 77047
What are the prime factors of 225261028?
2, 977, 57641
List the prime factors of 520081280.
2, 5, 812627
List the prime factors of 4338841.
13, 333757
List the prime factors of 50339666.
2, 13, 83, 23327
List the prime factors of 27282437.
7, 13, 299807
List the prime factors of 123532250.
2, 5, 494129
What are the prime factors of 437382154?
2, 11, 17,